e remainder when z is divided by (3 - (-5)/(-2))*16.
5
Calculate the remainder when (-308)/(-3) - (-6)/18 is divided by 27.
22
Let x = -20 - -37. Calculate the remainder when 41 is divided by x.
7
Suppose -q = -6*q + 95. What is the remainder when 37 is divided by q?
18
Let v(r) = -2*r - 10. Let u be v(-9). Let n = u + 2. What is the remainder when 29 is divided by n?
9
Let m(k) = k + 10. What is the remainder when (-3 - -1)*69/(-6) is divided by m(3)?
10
Let q = -4 + 9. Let h(j) = -4*j + q*j + 10 + 0. Calculate the remainder when 7 is divided by h(-7).
1
Suppose 3*k = -2*k + 25. Let m(w) be the second derivative of w**3/2 - 5*w**2/2 + 4*w. Calculate the remainder when 19 is divided by m(k).
9
Suppose -2*c = c - 12. Suppose c*y - 4*z = 2*y + 46, 0 = z - 3. Calculate the remainder when y is divided by 15.
14
Let t = -4 - -6. Suppose 2*z = 4*z. Suppose -2*j - 3*m = -63, -t*j - m + 6 + 55 = z. Calculate the remainder when j is divided by 16.
14
Let m = 37 - 18. Suppose -5*b - 5*u + 200 = 0, -2*b + 5*u + m = -89. Calculate the remainder when b is divided by 15.
14
Suppose 0 = 22*x - 20*x - 56. Calculate the remainder when 110 is divided by x.
26
Let p = 1 - 1. Suppose 3*n - 70 = 4*u, p*n = 4*n + 3*u - 110. Let b = 41 - n. What is the remainder when 28 is divided by b?
13
Suppose 0 = d + 2*c - 9, 3*c = -3*d - c + 25. Calculate the remainder when 27 is divided by d.
6
Let d(p) = 7. Let i(h) = -h - 1. Let v(g) = -d(g) - 3*i(g). What is the remainder when v(5) is divided by 4?
3
Suppose 6*v = 2*v + 3*c + 12, -2*v = 4*c + 16. Suppose -5*n + 4*t + 96 = v, t + 2*t = 5*n - 92. Calculate the remainder when n is divided by 9.
7
Let n = 9 - 4. Let w be (-1 + 51/15)*n. Calculate the remainder when (-6)/w + (-11)/(-2) is divided by 3.
2
Suppose 0*h + 3*h - 36 = 0. Let a = -60 - -81. What is the remainder when a is divided by h?
9
Calculate the remainder when ((-132)/(-1 - 1))/(45/30) is divided by 9.
8
Let h(s) = s**2 + 5*s + 81. What is the remainder when h(0) is divided by 12?
9
Calculate the remainder when (-83)/(-3) - 4/6 is divided by ((16 + -2)/2)/1.
6
Suppose 3 + 3 = -3*c. Calculate the remainder when 16 is divided by (-1)/c - (-68)/8.
7
Suppose -4*k + 41 + 23 = 0. Calculate the remainder when k is divided by (-3)/((3/(-2))/3).
4
Suppose 0 = 4*x + 59 + 25. Suppose -2*b - 3*b = 30. Calculate the remainder when x/b - (-2)/(-4) is divided by 3.
0
Suppose -4*y + 97 = -f, -5*y - 26 = 4*f - 121. What is the remainder when 91 is divided by y?
22
Suppose -8 = 2*t - 132. What is the remainder when t is divided by 16?
14
Let n(q) = q + 10. Let l be n(-7). Calculate the remainder when 1*((-140)/(-2) - l) is divided by 17.
16
Suppose 4 = 2*p, p + 140 = 5*n + 57. What is the remainder when 0 - ((7 - 5) + -70 + 1) is divided by n?
16
Let b(q) = -q**2 - 8*q - 8. Let h be b(-8). Calculate the remainder when 21 is divided by h - -4 - 15*-1.
10
Let u = 205 - 143. Calculate the remainder when u is divided by 22.
18
Let x(i) = -i. Let y(o) be the first derivative of -o**3 - 3*o**2/2 - 2*o + 1. Let s(a) = 5*x(a) - y(a). What is the remainder when s(2) is divided by 6?
4
Suppose 7*v - 52 = 3*v. Let d be 1*-2 + 14*-5. What is the remainder when (d/(-10))/(9/30) is divided by v?
11
Suppose -18*w = -16*w - 8. What is the remainder when 5 is divided by w?
1
Let t = 59 + -48. What is the remainder when 21 is divided by t?
10
Calculate the remainder when 249 is divided by 3 + 1 - (-68)/8*2.
18
What is the remainder when 1 is divided by (13/(-39))/(2/(-6))?
0
Suppose g + p = -2*p + 42, 40 = g + 2*p. What is the remainder when g is divided by 4?
0
Suppose -2*y + 16 + 0 = 0. Suppose -2*v - 4*h - h + 40 = 0, 4*h - 134 = -5*v. What is the remainder when v is divided by y?
6
Suppose -31*m = -30*m - 92. Calculate the remainder when m is divided by 19.
16
Suppose -2*a - o + 6 = 3*o, 5*o = 0. Suppose a*i - 8 = 1. Calculate the remainder when 7 is divided by i.
1
Let r(i) = -11*i - 108. What is the remainder when r(-17) is divided by (-1)/(-2) - 78/(-4)?
19
Let l(m) = m**3 + 6*m**2 - 5*m - 7. What is the remainder when l(-6) is divided by 6?
5
What is the remainder when 71 is divided by (-56 - -11)*4/(-10)?
17
Let y(i) = i - 4. Let m be y(6). Suppose -47 - 7 = -m*s. What is the remainder when s is divided by 14?
13
Calculate the remainder when 29 is divided by (6/10)/((-2)/(-50)).
14
Let n = -2 + 2. Let c be n - 1 - (-62)/2. Suppose -3*i = -6*i + c. Calculate the remainder when 18 is divided by i.
8
Suppose 4*t - 4*k - 64 = -5*k, -42 = -2*t - 3*k. Let j = 46 - t. What is the remainder when j is divided by 11?
9
Suppose -5*y + 58 = -3*y. Calculate the remainder when y is divided by 15.
14
Let l(m) = -m**3 + 7*m**2 - 3*m + 6. Suppose -13 = 4*q - 97. Calculate the remainder when l(5) is divided by q.
20
Let n = 12 - 9. Calculate the remainder when (-7 + 0)*(0 + -1) is divided by n.
1
Suppose 4*l - 5*v = -22, -2*l + 5*v - 7 = -3*l. Let z = -2 - l. Calculate the remainder when 27 is divided by (1/(-2))/(z/(-28)).
13
What is the remainder when (-3)/9 - (-122)/6 is divided by (-27)/(-9)*(-14)/(-6)?
6
Calculate the remainder when (32 + 1)/3 + 3 is divided by 5.
4
Suppose -4*j = -5*o + 36, -7*o + 8*o - 11 = -3*j. Calculate the remainder when o is divided by 3*(1 - 0/(-2)).
2
Suppose 3*w = 4*y + 31, 6*w + 4*y - 41 = w. Suppose 3*x + 61 = 3*j + 4*x, 4*j - 73 = -3*x. What is the remainder when j is divided by -8*w/(-6) + -4?
6
Let s = 179 - 128. Calculate the remainder when s is divided by 18.
15
Suppose 0*h - 3*h + 15 = 0. Calculate the remainder when 9 is divided by h.
4
Let m(j) = -2*j + 33. What is the remainder when m(-19) is divided by 18?
17
Suppose 3*m - m - 24 = 0. Calculate the remainder when 57 is divided by m.
9
Suppose 6 = 10*h - 8*h. Suppose 2*p - h + 1 = 0. Suppose -s + 1 = -0*s. What is the remainder when s is divided by p?
0
Let n(d) = -d. Let y be n(-6). Let g = -5 + y. Calculate the remainder when 26 is divided by (-2)/4*-28*g.
12
Calculate the remainder when 34 is divided by 14 + -2*(3 + -2).
10
Suppose -4*o = 5*w - 65, -5*o - 65 = -8*w + 3*w. Suppose -2*m = 3*m + 25, -3*j = 5*m - 128. What is the remainder when j is divided by w?
12
Suppose 2 = q - v, 4*q + v = 6*v + 10. Let w be 5/1 + q/3. Suppose 29 = w*z + 4*i - 5*i, 0 = 3*i + 12. What is the remainder when 13 is divided by z?
3
Let f(q) = -q. Let c be f(3). What is the remainder when 66 is divided by (-32)/(-2) + 4 + c?
15
Let m(k) = 2*k + 11. Let h be m(-8). Let s = h + -1. Let q(n) = -n**2 - 6*n + 7. What is the remainder when 13 is divided by q(s)?
6
Suppose -16 = -5*k + 5*r + 124, k + 5*r = 40. What is the remainder when 58 is divided by k?
28
Let o(p) = p + 24. Calculate the remainder when 23 is divided by o(-11).
10
Let d(w) = 2*w - 3. Let t be -2 - (3 + 0 + -8). Calculate the remainder when 5 is divided by d(t).
2
Suppose 0*h + 2*h = 10. Calculate the remainder when 23 is divided by h.
3
What is the remainder when (-15)/(-9) + -2 + (-2960)/(-24) is divided by 14?
11
Let p be 4/(-6) + 66/18. Suppose -4*c + 18 = -4*f - 26, 5*c + p*f - 23 = 0. Calculate the remainder when (-4)/2 - (-28)/2 is divided by c.
5
Let p = -98 - -102. Suppose -9 = -3*l - 0. Suppose 0 = p*h - l*r - 27, -4*r + 4 - 2 = h. What is the remainder when 17 is divided by h?
5
Let p = -10 + 21. What is the remainder when 2/3 - (-248)/6*1 is divided by p?
9
What is the remainder when (-2)/(-14) - (-528)/77 is divided by 2?
1
Suppose -4*u = -353 - 215. Calculate the remainder when u is divided by 12.
10
Let p = -74 - -86. Let g(o) = o**3 - 2*o**2 - 4*o + 6. What is the remainder when g(4) is divided by p?
10
Let w = -133 + 196. What is the remainder when w is divided by 11?
8
Let h = 107 - 73. What is the remainder when h is divided by (-4)/14 - (-4 - (-522)/(-63))?
10
Let b = -31 + 53. Calculate the remainder when b is divided by 5.
2
Suppose -5*p - 33 = -8*p. Calculate the remainder when 25 is divided by p.
3
Let k(q) = -47*q. Let f be (-4)/12 + 22/(-6). Let p = 3 + f. Calculate the remainder when k(p) is divided by 16.
15
What is the remainder when 31 is divided by (1 + (-2 - 0))*-11?
9
Let i be 0 + (8/3 - 2/3). Suppose 8 = -m + 3*m. Suppose 2*d = i*k + 18, -2*k - k = m*d - 36. What is the remainder when 34 is divided by d?
7
Suppose -5*u + 34 + 36 = 0